- 7*f**2 + 6*f - 10. What is the remainder when 112 is divided by k(-8)?
4
Let t = 35 + -34. Let w = -39 - -59. What is the remainder when t + (39 - (-2)/(-2)) is divided by w?
19
Suppose 0 = -2*y + 7*y - 35. Suppose 2*h = -3*v + 84, 5*h + 95 = 4*v + 6. Calculate the remainder when v is divided by y.
5
Suppose 5*f = -4*w + 173, 5*f + 18*w - 175 = 13*w. What is the remainder when f is divided by 12?
9
Let h(m) = 2*m - 13. Let y be (-12 + 6)*(-6)/4. Let p be h(y). Calculate the remainder when 71 is divided by 34/85*p*9.
17
Let z = -29 - -33. Suppose 27 = x + z. Calculate the remainder when x is divided by 8.
7
What is the remainder when 6472/22 + 18/(-99) is divided by 59?
58
Let p(w) = -38*w + 2911. What is the remainder when (1 + -2)/((-3)/333) is divided by p(76)?
19
Let t(l) = l + 7. Let x be t(-3). Let i = 19 + x. Suppose -15*j + 12*j - 5*d + 44 = 0, 4*d = -j + 24. What is the remainder when i is divided by j?
7
Suppose -q + 2*q = 5. Suppose q*l = 95 - 0. Let p = 3 - -2. Calculate the remainder when l is divided by p.
4
Suppose 4*n = -y + 204, y + 162 = 3*n + 4*y. Suppose -134 - 10 = -4*w + 2*s, 0 = -w + 5*s + 36. Let r = n - w. What is the remainder when r is divided by 6?
2
Suppose -29 = -5*c - x, 4*c = 4*x - 54 + 58. Calculate the remainder when 84 is divided by c.
4
Suppose -2*h + 31 = -47. Suppose 5*o - 4*n = 5 + 66, 5*o = -4*n + h. What is the remainder when 96/2*(-2)/(-3) is divided by o?
10
Suppose -3*o + 5*o = 4. Let f = 0 + o. Suppose f = -3*s + 23. Calculate the remainder when s is divided by 4.
3
What is the remainder when 10/(120/54 - 2) is divided by 2?
1
Let o be 208/40 - 2/10. Suppose -u = -5*y + 3*y + 9, -u = -o*y + 18. Calculate the remainder when 4 is divided by y.
1
Suppose -1 = o - 19. Calculate the remainder when 0*(-2)/8 + 14*5 is divided by o.
16
Suppose 4*c - 8*c + 77 = l, 3*c + 110 = 2*l. Suppose 3*x - f - f - 63 = 0, 21 = x + f. Calculate the remainder when l is divided by x.
19
Let z = 57 - 140. Let q = -2 - z. What is the remainder when q is divided by 21?
18
Let i(v) = -86*v**2 + 7*v - 9. Let g(c) = 43*c**2 - 4*c + 5. Let h(q) = -7*g(q) - 4*i(q). Calculate the remainder when h(1) is divided by 8.
4
Let s be 136/14 + 12/42. Let q = s - 4. Suppose -8*d - 22 = -9*d. Calculate the remainder when d is divided by q.
4
Let r = 292 - 284. What is the remainder when 12 is divided by r?
4
Let f be 4*(-4)/(-24) + 542/(-3). Let h = 187 + f. Suppose 5*y - 95 = 20. Calculate the remainder when y is divided by h.
2
Suppose -15*s + 8*s = -56. What is the remainder when 22 is divided by s?
6
Let s be (-8)/(-12) + (8/(-6))/(-4). What is the remainder when (-177)/(-6)*(3 - s) is divided by 15?
14
Suppose v + 0*v + 49 = 3*p, -4*v = p - 38. Suppose 2*u = -2*u + 560. Suppose -u = -3*k - k. Calculate the remainder when k is divided by p.
17
Let w(g) = -g**2 - 8*g - 10. Let p be w(-2). Let h(x) = 2*x**3 - 3*x**2 + x + 3. What is the remainder when 59 is divided by h(p)?
5
Let o(t) = 17*t + 780. What is the remainder when 33 is divided by o(-44)?
1
Let z(p) = 5 + 5 - p**3 - 537*p - 5*p**2 + 544*p. Calculate the remainder when z(-8) is divided by 21.
20
Suppose 3*x - 137 = -6*o + 2*o, 0 = -5*x - 4*o + 215. Calculate the remainder when x is divided by 5.
4
Let h(g) = -11*g + 3. Suppose -2*z + z - 5*b + 78 = 0, -z + 2*b = -85. Let y = -67 + z. What is the remainder when h(-4) is divided by y?
15
Let t(y) = 3*y**2 + y + 2. Let q be t(-1). Calculate the remainder when (-270)/q*(-4 - (-5 + 3)) is divided by 34.
33
Let g = 1977 - 1943. Calculate the remainder when g is divided by 23.
11
Let x(w) = w**2 - w + 2. Suppose 5*k - 3*y - 73 + 60 = 0, y - 19 = -3*k. Calculate the remainder when x(4) is divided by k.
4
Suppose -2*h = 5*l - 1006, -h - 4*l + 509 = -0*l. Calculate the remainder when h is divided by 126.
115
Let k(y) = 3*y + 7. Let q be k(-1). Suppose u = q*l - 254, 4*u - 123 = 3*l - 320. Calculate the remainder when l is divided by 16.
15
What is the remainder when 29 is divided by ((-370)/111)/(2/(-6))?
9
Let n(m) = 3*m**2 + 12*m + 16. Calculate the remainder when 64 is divided by n(-4).
0
Let u(z) = -z**2 + 2*z + 31. Let a = 106 + -106. What is the remainder when 122 is divided by u(a)?
29
Suppose -3 + 7 = -2*o, -5*i - 5*o = -75. What is the remainder when i is divided by 3?
2
Suppose -463*n - 1652 = -467*n. Calculate the remainder when n is divided by 32.
29
Suppose 32*a - 1258 = 28*a - 2*j, -3*j - 966 = -3*a. Calculate the remainder when a is divided by 32.
29
What is the remainder when 1260/(-50)*((-150)/18 + 5) is divided by 39?
6
Let c = -22 - -23. Let x(o) = 38*o**2 + 4*o - 4. Calculate the remainder when 110 is divided by x(c).
34
Suppose 2*m - 32 + 98 = 0. Suppose 0 = -2*h + 7*i - 3*i + 44, h - i - 21 = 0. What is the remainder when h is divided by (m/(-9))/(1/3)?
9
Let v(d) = -153*d**3 + 8*d**2 + 6*d. Calculate the remainder when v(-1) is divided by 49.
8
Let c = 122 - 16. Suppose -9*w = -11*w + c. What is the remainder when w is divided by 18?
17
Suppose -j - 635 + 810 = 0. Calculate the remainder when j is divided by 41.
11
Calculate the remainder when 1437 is divided by (25 + -9)*(-54)/(-9).
93
Suppose 16*h - 7564 = -15*h. Calculate the remainder when h is divided by 8.
4
Let q = -1 - -6. Suppose -9 = f - 13. What is the remainder when (-10)/f*126/(-45) is divided by q?
2
Suppose -56 = -2*l + 4*l. Let d be -4*(-4 - l)/3. Let f = 85 + d. Calculate the remainder when f is divided by 27.
26
Let m = 591 + -568. Calculate the remainder when 28 is divided by m.
5
Let a(c) = -30*c + 509. What is the remainder when 82 is divided by a(16)?
24
Suppose 15370 = -6*a + 59*a. What is the remainder when a is divided by 80?
50
Suppose -14*p + 8*p = -54. Suppose 10*c - p*c = 46. Calculate the remainder when c is divided by 16.
14
Let d(n) = 4*n**2 + 16*n + 144. Calculate the remainder when d(-10) is divided by 35.
34
Let y = -314 - -394. Suppose d - 3*h = 5*d - 11, h = 3*d - 5. Calculate the remainder when 71 is divided by y/25*15/d.
23
Let y be (-3)/(-6) - 5/(-2). Suppose -s - 19 - 12 = -2*a, 0 = y*a - 3*s - 45. Calculate the remainder when 47 is divided by a.
15
Calculate the remainder when 397 is divided by ((-252)/(-112))/((-3)/(-76)).
55
Suppose -6*g + 4144 = 85*g + 57*g. Let p(a) = 10*a**2 - a - 4. Calculate the remainder when p(3) is divided by g.
27
Let g(h) = -101*h - 29. What is the remainder when 642 is divided by g(-1)?
66
Let u be 29/(-9) + 6/27. Let l(w) = 14*w + 4. Let f be l(u). Let c = 3 - f. Calculate the remainder when c is divided by 11.
8
Let p = 5 - 17. Let x = p + 9. Calculate the remainder when 119 is divided by (x + 0)*80/(-12).
19
Let i be 6 - (1 + 3)/4. Suppose -85 = -i*f - 2*z, -f - f = -z - 34. Suppose -x + 13 + f = 0. Calculate the remainder when 57 is divided by x.
27
Let i(b) = -101*b + 2. Let o be i(-1). Suppose 0 = -2*t + u + 304, -5*u + o = 5*t - 642. Calculate the remainder when t is divided by 31.
27
Let k = -74 + 110. Let p = k - 29. What is the remainder when p is divided by 5?
2
Let a(r) = -r**3 - 54*r**2 - 6*r - 311. Calculate the remainder when 1570 is divided by a(-54).
10
Let c(w) = 2*w**3 - 21*w**2 + 12*w - 6. Calculate the remainder when 41 is divided by c(10).
13
Let m be -30 - -1 - (-5 + 5). Let c = 38 + m. Let v(n) = n**2 - 9*n + 2. What is the remainder when 7 is divided by v(c)?
1
Suppose 8 - 6 = -z, 4*z + 71 = l. What is the remainder when 66 is divided by l?
3
Suppose -3095 = -5*j + 1720. What is the remainder when j is divided by 69?
66
Suppose -10 = -6*m + m. Suppose m*f - 15 = 9. Suppose -t = -18 + f. Calculate the remainder when t is divided by 2.
0
Let i = 9 + -21. What is the remainder when -4 - -4*9/2 is divided by 0/(i/4) + 8?
6
Let p(r) = -6*r + 50. Calculate the remainder when p(-6) is divided by 44.
42
Calculate the remainder when 130 is divided by (-224)/(-24) - ((-11)/3 - -2).
9
Let z = 471 - 449. Suppose -f - 215 = -6*f. What is the remainder when f is divided by z?
21
Let g be (1*4/(-2))/(-1). Suppose -4*a + 4*d = -40, -2*d + g = 2*a - 26. Suppose 0 = 55*t - 48*t - 245. Calculate the remainder when t is divided by a.
11
Suppose 0 = 8*y - 5*f - 184, -4*y + 10*f = 12*f - 92. What is the remainder when y is divided by (-2)/(-3) + 74/6?
10
Suppose 233 = 8*v - 175. Let a = 